tor of 62023 and 15047.
367
Calculate the greatest common divisor of 610 and 8662.
122
What is the greatest common factor of 1002900 and 75?
75
What is the greatest common factor of 383718 and 1302?
186
Calculate the highest common divisor of 22 and 11248754.
22
Calculate the greatest common factor of 2712 and 6133188.
1356
What is the highest common factor of 12811 and 3841?
23
Calculate the highest common divisor of 700 and 6400.
100
What is the highest common factor of 64 and 8552?
8
What is the greatest common divisor of 40 and 12185?
5
Calculate the highest common divisor of 5720196 and 12.
12
Calculate the highest common factor of 713 and 10943.
31
What is the greatest common divisor of 185 and 55389?
37
What is the greatest common factor of 106 and 43?
1
What is the highest common divisor of 21735 and 148925?
805
Calculate the greatest common divisor of 12250 and 577250.
250
Calculate the highest common factor of 47872 and 121.
11
Calculate the greatest common divisor of 45068 and 76.
76
Calculate the greatest common divisor of 58942 and 78.
26
Calculate the highest common divisor of 330785 and 273.
91
What is the highest common factor of 144 and 47160?
72
What is the greatest common divisor of 88 and 4328?
8
Calculate the highest common factor of 918 and 527.
17
What is the highest common divisor of 5546 and 28294?
94
What is the highest common divisor of 77196 and 26376?
84
What is the greatest common factor of 1671 and 681?
3
What is the highest common factor of 70 and 333865?
35
Calculate the greatest common factor of 24 and 13560.
24
Calculate the greatest common factor of 2772 and 127764.
252
What is the greatest common divisor of 55 and 776380?
55
What is the greatest common factor of 840 and 8040?
120
What is the highest common factor of 2806 and 19964?
46
Calculate the highest common divisor of 13208 and 29159.
13
What is the highest common factor of 234 and 631982?
26
Calculate the highest common factor of 221 and 76193.
13
What is the highest common divisor of 16 and 30920?
8
What is the greatest common factor of 2067 and 52143?
39
What is the highest common divisor of 14268 and 84?
12
Calculate the greatest common divisor of 22715 and 236.
59
Calculate the highest common factor of 60 and 1022700.
60
Calculate the greatest common divisor of 1024560 and 1152.
144
Calculate the highest common factor of 180378 and 242.
22
What is the greatest common divisor of 1102162 and 246?
82
What is the highest common divisor of 76272 and 1827?
21
Calculate the highest common factor of 18299 and 232.
29
What is the highest common factor of 5539331 and 595?
119
What is the greatest common factor of 22161 and 9711?
249
Calculate the highest common divisor of 105141 and 5552.
347
What is the greatest common factor of 65283 and 282?
141
Calculate the greatest common factor of 620 and 522505.
155
Calculate the greatest common factor of 55 and 645865.
55
Calculate the greatest common factor of 738493 and 7.
7
What is the greatest common divisor of 30130 and 805?
115
What is the greatest common factor of 1352 and 273442?
338
What is the greatest common divisor of 103156 and 4?
4
What is the greatest common factor of 56 and 3766?
14
Calculate the greatest common divisor of 30442 and 155.
31
What is the highest common factor of 14736 and 51?
3
Calculate the greatest common divisor of 3600 and 22512.
48
What is the greatest common factor of 33428 and 8540?
244
What is the highest common factor of 3634 and 79?
79
What is the highest common divisor of 80 and 285080?
40
Calculate the greatest common factor of 2466 and 3960.
18
What is the greatest common factor of 520168 and 322?
46
Calculate the highest common factor of 63888 and 48.
48
Calculate the highest common factor of 69 and 914526.
69
What is the greatest common factor of 630015 and 45?
15
What is the greatest common divisor of 1007 and 6707?
19
Calculate the greatest common divisor of 21408 and 864.
96
Calculate the greatest common divisor of 9704 and 488.
8
What is the highest common divisor of 1053 and 377091?
117
Calculate the highest common factor of 10 and 71350.
10
What is the highest common divisor of 43648 and 4433?
341
Calculate the greatest common divisor of 3766 and 518.
14
Calculate the greatest common factor of 246 and 820.
82
Calculate the highest common factor of 1387 and 9111203.
1387
Calculate the highest common divisor of 759375 and 945.
135
What is the greatest common divisor of 3245 and 17405?
295
Calculate the highest common divisor of 506 and 19320.
46
Calculate the greatest common divisor of 583264 and 44.
44
What is the highest common divisor of 3730 and 290?
10
Calculate the greatest common divisor of 8265654 and 36.
18
What is the greatest common divisor of 36 and 208926?
18
What is the highest common factor of 196905 and 30?
15
Calculate the highest common divisor of 8888 and 4796.
44
What is the greatest common divisor of 36 and 23913?
9
What is the greatest common factor of 3125 and 5875?
125
Calculate the greatest common divisor of 5121 and 22760.
569
What is the highest common divisor of 73203 and 312?
39
What is the greatest common factor of 1303784 and 32?
8
Calculate the highest common factor of 473 and 16203.
11
What is the greatest common divisor of 208378 and 7310?
86
What is the highest common factor of 15597 and 243?
9
What is the highest common factor of 280 and 206570?
70
What is the highest common factor of 290 and 398170?
290
Calculate the greatest common divisor of 182449 and 43.
43
What is the highest common divisor of 2160 and 68930?
10
Calculate the highest common divisor of 2480 and 24335.
155
Calculate the highest common divisor of 24136 and 1736.
56
Calculate the highest common divisor of 393 and 1177035.
393
Calculate the highest common factor of 74281 and 172483.
1259
What is the highest common divisor of 72684 and 18?
18
What is the highest common divisor of 35826 and 16758?
42
What is the highest common divisor of 186 and 992?
62
What is the greatest common divisor of 24420 and 93060?
660
What is the highest common divisor of 176 and 2144?
16
What is the greatest common factor of 6975 and 575?
25
Calculate the greatest common factor of 48969 and 18.
9
What is the greatest common factor of 70 and 64435?
35
Calculate the greatest common factor of 9528014 and 1046.
1046
Calculate the highest common divisor of 264 and 107811.
33
What is the greatest common divisor of 74457 and 9?
9
Calculate the greatest common divisor of 14388 and 17876.
436
What is the highest common divisor of 861 and 18327?
123
Calculate the highest common factor of 224 and 127456.
224
What is the highest common divisor of 171873 and 4068?
1017
Calculate the greatest common divisor of 3979038 and 21.
21
Calculate the greatest common factor of 312 and 179127.
39
What is the highest common factor of 10117 and 12533?
151
What is the greatest common divisor of 328 and 20131?
41
What is the highest common factor of 17 and 160837?
17
Calculate the greatest common divisor of 125310 and 570.
30
Calculate the highest common factor of 21071 and 57.
19
What is the greatest common divisor of 453 and 23707?
151
Calculate the highest common divisor of 1271 and 155.
31
Calculate the greatest common factor of 139601 and 148.
37
What is the highest common factor of 31599 and 81?
9
Calculate the greatest common divisor of 1118 and 129.
43
What is the greatest common divisor of 6100 and 29524?
244
What is the highest common factor of 2862 and 16006?
106
What is the highest common divisor of 464 and 327874?
58
What is the highest common factor of 294883 and 23?
23
Calculate the greatest common factor of 260 and 22520.
20
Calculate the greatest common divisor of 76493 and 5.
1
Calculate the highest common divisor of 1345 and 180.
5
What is the highest common factor of 13720 and 9240?
280
What is the greatest common divisor of 81485 and 13?
1
Calculate the greatest common divisor of 46625 and 375.
125
What is the greatest common divisor of 572468 and 404?
404
What is the greatest common factor of 84940 and 1085?
155
Calculate the highest common divisor of 723 and 5724.
3
Calculate the greatest common factor of 508 and 10532364.
508
Calculate the greatest common factor of 183898 and 198.
22
